 are the prime factors of h?
2, 3
Let q(b) be the third derivative of -b**4/8 + 7*b**3 + 2*b**2. List the prime factors of q(-16).
2, 3, 5
Let p(w) = -58*w - 1. Let k be p(-2). Suppose -k + 27 = -r. List the prime factors of r.
2, 11
Let y = -69 - -69. Suppose -3*a - 42 = -2*u + 2*a, y = u + a - 7. What are the prime factors of u?
11
Let v(g) = 5*g**2 + 47*g + 3. What are the prime factors of v(-30)?
3, 1031
Let b(k) = 6*k**2 - 3*k + 5. Let q(o) = -2*o - 12. Let g be q(-9). Let s be b(g). Suppose y + 113 = 4*w, 5*w + 5*y + 43 = s. What are the prime factors of w?
29
Suppose -986 = -5*o + 1184. List the prime factors of o.
2, 7, 31
Suppose -8 - 20 = -4*b. Let p be (-2)/3 + 125/3. Suppose 4*h - p = b. What are the prime factors of h?
2, 3
Let d = 9 - 7. Let h be (d/4)/((-2)/(-16)). Let f = h + 15. List the prime factors of f.
19
Suppose -4*d = -7*d + 15. Let j = d + -6. What are the prime factors of (j - 0)/(7/(-91))?
13
Suppose 0 = l + 2, l - 26 = 4*p - 2*l. Let c = p - -12. Suppose 4*q - 3*g - 110 = 0, q = c*g + 8 + 26. What are the prime factors of q?
2, 13
Let y = -41 - -46. Suppose -y*v = -271 - 29. List the prime factors of v.
2, 3, 5
Let z(y) = -3*y - 1. Let v be z(-7). Suppose 5*d - v = -0*d. Suppose -3*w + 87 = 5*c, d*w - 43 = -4*c + 73. What are the prime factors of w?
29
Let o = 94 - 97. List the prime factors of (-1 + o)/12*-3*97.
97
Let g = -1651 + 3455. What are the prime factors of g?
2, 11, 41
Let d(y) = -6*y - 1 - 2*y**2 + y + 4*y**3 + 4 - 3*y**3. Let q be d(4). Suppose -q = 3*f - 147. List the prime factors of f.
2, 11
Suppose 2*o = -2*q + 13 + 23, 3*o - 50 = -5*q. Let z(t) = t**2 - 14*t - 13. What are the prime factors of z(o)?
107
Let l(f) = 63*f + 22. Let m be l(4). Let g = m - 113. What are the prime factors of g?
7, 23
Suppose 11*x + 94 = 7321. List the prime factors of x.
3, 73
Let s = -16 + 21. Suppose -2*q = 2*u - 6, -3*u + 0*q + 11 = s*q. List the prime factors of (-357)/(-14) - 1/u.
5
Suppose 165 = 13*m - 16709. What are the prime factors of m?
2, 11, 59
Let g = -37 - -52. Let l(a) = -a**3 + 15*a**2 + 4*a + 16. List the prime factors of l(g).
2, 19
Let q = 76 + -109. What are the prime factors of 4*-1 - (-11)/(q/(-336))?
2, 3
Let v(c) be the third derivative of 5/2*c**3 + 0 + 9*c**2 + 1/60*c**5 - 1/12*c**4 + 0*c. What are the prime factors of v(0)?
3, 5
Let n be 1359/(-21) + 4/(-14). Let r(u) = -47*u**2 + 93*u + 2. Let m be r(3). Let h = n - m. List the prime factors of h.
7, 11
What are the prime factors of 219*((-75)/(-60))/(1/4)?
3, 5, 73
Let t(h) = 40*h - 5. Let m be ((-54)/(-18))/((-6)/(-4)). List the prime factors of t(m).
3, 5
Let g = 39 - 20. Let o = -15 + g. Let a(v) = 8*v. List the prime factors of a(o).
2
Let j = -454 - -441. Let d(s) = 16 + 2*s + s**3 + 0*s**3 + 14*s**2 + 11*s. What are the prime factors of d(j)?
2
Suppose 7*b - 45 = 165. Suppose 31*a - 95 = b*a. What are the prime factors of a?
5, 19
Let v = -5 - -5. Let k be (3 - 4)/(-1)*v. Suppose c + 49 - 228 = -3*x, k = -4*x - c + 240. What are the prime factors of x?
61
List the prime factors of 16/3*(2250/(-4))/(-15).
2, 5
Let k(a) = -a**3 + 42*a**2 + 3*a + 6. List the prime factors of k(42).
2, 3, 11
Let q(f) = 1048*f**2 - 11*f + 12. List the prime factors of q(1).
1049
What are the prime factors of (-13)/14 + 40/(-560) - -1101?
2, 5, 11
Let r(s) = 2*s + 3. Let g be r(3). Suppose 0 = 5*d + 16 + g. What are the prime factors of ((-4)/d)/(1/55)?
2, 11
What are the prime factors of (-30)/(15/(-3)) - -1132?
2, 569
Let d be (-1)/((-4)/52 + 0). Let r = 34 + d. List the prime factors of r.
47
Let h(w) = -2*w**2 - 64*w - 82. List the prime factors of h(-24).
2, 151
Let w be -2 - (-46 - 3) - -1. Suppose -2*m + 59 = 2*i - 69, 5*i = -m + w. Suppose m = 5*k - 42. List the prime factors of k.
2, 11
Suppose -72 = -5*n + 348. Let j(r) = -2*r**3 - 2*r**2 + r - 2. Let u be j(-2). Suppose k + n = u*k. What are the prime factors of k?
2, 7
Suppose -2*l = q - 5*q - 198, -2*l = q - 203. Suppose 3*k = -6*r + r + l, -4*k - 100 = -4*r. List the prime factors of 1/(-3) + r/3.
7
Let b(q) = -21*q**3 - q**2 + 2*q - 2. Let c be b(1). Let m = 60 - c. List the prime factors of m.
2, 41
Suppose -21 - 4 = -5*s. Suppose 4*h - 12 = 2*i, -5 = h - s*i + 1. What are the prime factors of h?
2
Suppose -29*z + 276670 = 44*z. What are the prime factors of z?
2, 5, 379
Let p = -52 - -55. Suppose 0 = 4*s + p*s - 952. List the prime factors of s.
2, 17
List the prime factors of 2/3 - (-1634)/6.
3, 7, 13
Let z(a) = 28*a**2 + 10*a - 78. List the prime factors of z(6).
2, 3, 5, 11
Let k(j) be the third derivative of j**4/24 + j**3/6 + j**2. Let s be k(6). Let h(c) = c**3 - 8*c**2 + 10*c - 4. What are the prime factors of h(s)?
17
Suppose 0 = 3*n - 5*n + 1346. List the prime factors of n.
673
Suppose 8*t = 7*t - 4. Let s be 11*t/(-4)*-1. Let r = -6 - s. List the prime factors of r.
5
Suppose 3*o - 7*x - 12640 = 0, -5*o + 18231 = -2*x - 2797. List the prime factors of o.
2, 1051
What are the prime factors of (-9*(-22)/99)/((-3)/(-327))?
2, 109
Let r = 137 - 122. Suppose 20*q - 105 = r*q. What are the prime factors of q?
3, 7
Let g = -359 + 1146. List the prime factors of g.
787
Suppose -5*b + 3*z + 3568 = 0, -2*z + 1693 - 253 = 2*b. What are the prime factors of b?
2, 179
Let t(u) = u**3 + 21*u**2 + 38*u + 25. List the prime factors of t(-13).
883
Suppose -g + 69 = 16. Suppose -3*j + g = u, -u - j + 0*j = -63. List the prime factors of u.
2, 17
Suppose w + 3 = -0*w. Suppose 3 = -l + 8*a - 7*a, 0 = 3*l - 5*a + 15. List the prime factors of (27 - (l - w))/1.
2, 3
Suppose 17*f = 14*f + 672. List the prime factors of f.
2, 7
Suppose 0*d - 2*d - 8 = 0. Let c = d - 2. Let x(m) = m**3 + 6*m**2 - 3*m - 5. What are the prime factors of x(c)?
13
Let w = -32 - -29. Let k(m) = -10*m**2 - m - 7. Let u be k(w). Let r = -28 - u. List the prime factors of r.
2, 3, 11
List the prime factors of (572/10)/(98/245).
11, 13
Let h(y) = y**2 + y - 4. Let q = 28 + -21. What are the prime factors of h(q)?
2, 13
Let o(n) = n**3 - 10*n**2 - 5*n - 11. Let d(q) = q. Let k(y) = 6*d(y) + o(y). Let c be k(10). List the prime factors of -2*(1 + 4/c).
2, 3
Let p(s) = -7*s - 6. Let t(b) be the second derivative of 4*b**3/3 + 5*b**2/2 + 2*b. Let l(c) = -7*p(c) - 6*t(c). List the prime factors of l(-7).
5
Let a be 25/(5/1) + 1 + -4. Suppose r + 3*r - 304 = 4*n, -408 = -5*r - a*n. What are the prime factors of r?
2, 5
Let p = 12 + -13. Let z(y) = 539*y**2 + 2*y + 1. Let x be z(p). Suppose 5*f + 183 = x. List the prime factors of f.
71
Suppose 22 - 52 = -5*v. Suppose -1109 - 127 = -v*s. List the prime factors of s.
2, 103
Suppose 2*k = -0*k + 32. Suppose -29 - 171 = -5*q - a, -q + 64 = 5*a. Let v = q - k. List the prime factors of v.
23
Let i(p) = -p**3 + 8*p**2 + 3*p - 13. Suppose -4 = 2*g - j - 4*j, -16 = -4*g + 4*j. Let b be i(g). Suppose 2*u - b = 11. What are the prime factors of u?
11
Let b = 1305 + 565. List the prime factors of b.
2, 5, 11, 17
Let z(k) = -k**3 - 7*k**2 - 7*k - 6. Let p be z(-6). Suppose p = -4*x + 1 - 25. Let w = x + 12. List the prime factors of w.
2, 3
What are the prime factors of (0 - -1) + 483 - (1 + -3)?
2, 3
Let q be 1 - (0 - 16/2). Let g(u) = -57 + 64 + 2*u**2 - u**3 + q*u**2. List the prime factors of g(11).
7
Suppose -o - 3*s = -3*o + 70, 0 = 3*o - s - 119. Suppose 0 = -4*h + 9*h + 40. Let g = h + o. List the prime factors of g.
3, 11
Let d(r) = 6*r**2 - 3*r. Let u be d(-1). Let l(z) = -2*z**3 + 20*z**2 - 6*z - 2. What are the prime factors of l(u)?
2, 53
Let x(u) = u**2 + 15*u - 74. What are the prime factors of x(-36)?
2, 11, 31
Suppose 26 = 2*q - 2*c, -q = -6*q + 2*c + 56. What are the prime factors of 4/q - (-23136)/160?
5, 29
Suppose 31 - 43 = -g. What are the prime factors of g/30 - 476/(-10)?
2, 3
Let c(x) = 92*x + 71. List the prime factors of c(3).
347
Let p(s) = 679*s - 370. List the prime factors of p(6).
2, 463
Suppose i = 4*n + 2, -4*n + 3*i + 4 = 2. List the prime factors of (n - 12)/(5 - (-153)/(-30)).
2, 5, 13
Let o(r) = -132*r**3 - r**2 - r - 1. Let l be -3 + (-5)/(-5) + 1. What are the prime factors of o(l)?
131
Let l = 79 + -18. What are the prime factors of l?
61
Suppose 67*y - 7*y - 84240 = 0. List the prime factors of y.
2, 3, 13
Suppose 3*v - 1301 = -f, 944 = 4*v - 5*f - 759